{"id":387,"date":"2021-03-14T19:09:13","date_gmt":"2021-03-14T19:09:13","guid":{"rendered":"http:\/\/benatkyhajovna.cz\/?page_id=387"},"modified":"2025-01-28T08:50:06","modified_gmt":"2025-01-28T08:50:06","slug":"cenik","status":"publish","type":"page","link":"https:\/\/benatkyhajovna.cz\/?page_id=387","title":{"rendered":"Cen\u00edk"},"content":{"rendered":"\n<p>Cen\u00edk je platn\u00fd od 01.01. 2023<\/p>\n\n\n\n<p class=\"has-text-align-center has-text-color has-link-color wp-elements-c8ea4a660de9b993622a4d2c57db17d0\" style=\"color:#f20000\"><strong>Z cen\u00edkov\u00fdch cen bude ode\u010dtena SLEVA 10%. Sleva je platn\u00e1 do vyprod\u00e1n\u00ed z\u00e1sob.<\/strong><br>Objedn\u00e1vky je mo\u017en\u00e9 realizovat na tel. 725 906 686 nebo emailem&nbsp;<a href=\"lacina@hajovnabenatky.cz\" data-type=\"link\" data-id=\"lacina@hajovnabenatky.cz\">lacina@benatky.cz<\/a><strong><a href=\"lacina@hajovnabenatky.cz\" data-type=\"link\" data-id=\"lacina@hajovnabenatky.cz\">.<\/a><\/strong><\/p>\n\n\n\n<p><\/p>\n\n\n\n<p class=\"has-medium-font-size\"><strong>Borovice, smrk a mod\u0159\u00edn &#8211; AKCE<\/strong><\/p>\n\n\n\n<figure class=\"wp-block-table\"><table><tbody><tr><td><strong>M\u011bkk\u00e9 d\u0159evo<\/strong><\/td><td class=\"has-text-align-center\" data-align=\"center\">1 m<\/td><td class=\"has-text-align-center\" data-align=\"center\">50 cm<\/td><td class=\"has-text-align-center\" data-align=\"center\">30 cm<\/td><td class=\"has-text-align-center\" data-align=\"center\">25 cm<\/td><td class=\"has-text-align-center\" data-align=\"center\">20 cm<\/td><\/tr><tr><td>Kulatiny rovnan\u00e9<\/td><td class=\"has-text-align-center\" data-align=\"center\">1 300 K\u010d<\/td><td class=\"has-text-align-center\" data-align=\"center\">1 350 K\u010d&nbsp;<\/td><td class=\"has-text-align-center\" data-align=\"center\">&nbsp;<\/td><td class=\"has-text-align-center\" data-align=\"center\">&nbsp;<\/td><td class=\"has-text-align-center\" data-align=\"center\"><\/td><\/tr><tr><td>Kulatiny sypan\u00e9<\/td><td class=\"has-text-align-center\" data-align=\"center\"><\/td><td class=\"has-text-align-center\" data-align=\"center\"><\/td><td class=\"has-text-align-center\" data-align=\"center\">1 400 K\u010d<\/td><td class=\"has-text-align-center\" data-align=\"center\">1 450 K\u010d<\/td><td class=\"has-text-align-center\" data-align=\"center\">1 500 K\u010d<\/td><\/tr><tr><td>\u0160t\u00edpan\u00e9 rovnan\u00e9<\/td><td class=\"has-text-align-center\" data-align=\"center\">&nbsp;<\/td><td class=\"has-text-align-center\" data-align=\"center\">1 500 K\u010d<\/td><td class=\"has-text-align-center\" data-align=\"center\">&nbsp;<\/td><td class=\"has-text-align-center\" data-align=\"center\"><\/td><td class=\"has-text-align-center\" data-align=\"center\"><\/td><\/tr><tr><td>\u0160t\u00edpan\u00e9 sypan\u00e9<\/td><td class=\"has-text-align-center\" data-align=\"center\"><\/td><td class=\"has-text-align-center\" data-align=\"center\"><\/td><td class=\"has-text-align-center\" data-align=\"center\">1 550 K\u010d<\/td><td class=\"has-text-align-center\" data-align=\"center\">1 650 K\u010d<\/td><td class=\"has-text-align-center\" data-align=\"center\">1 750 K\u010d<\/td><\/tr><\/tbody><\/table><\/figure>\n\n\n\n<p class=\"has-medium-font-size\"><strong>B\u0159\u00edza<\/strong><\/p>\n\n\n\n<figure class=\"wp-block-table\"><table><tbody><tr><td><strong>M\u011bkk\u00e9 d\u0159evo<\/strong><\/td><td class=\"has-text-align-center\" data-align=\"center\">1 m<\/td><td class=\"has-text-align-center\" data-align=\"center\">50 cm<\/td><td class=\"has-text-align-center\" data-align=\"center\">30 cm<\/td><td class=\"has-text-align-center\" data-align=\"center\">25 cm<\/td><td class=\"has-text-align-center\" data-align=\"center\">20 cm<\/td><\/tr><tr><td>Kulatiny rovnan\u00e9<\/td><td class=\"has-text-align-center\" data-align=\"center\">1 650 K\u010d<\/td><td class=\"has-text-align-center\" data-align=\"center\">1 700 K\u010d&nbsp;<\/td><td class=\"has-text-align-center\" data-align=\"center\">&nbsp;<\/td><td class=\"has-text-align-center\" data-align=\"center\">&nbsp;<\/td><td class=\"has-text-align-center\" data-align=\"center\"><\/td><\/tr><tr><td>Kulatiny sypan\u00e9<\/td><td class=\"has-text-align-center\" data-align=\"center\"><\/td><td class=\"has-text-align-center\" data-align=\"center\"><\/td><td class=\"has-text-align-center\" data-align=\"center\">1 750 K\u010d<\/td><td class=\"has-text-align-center\" data-align=\"center\">1 800 K\u010d<\/td><td class=\"has-text-align-center\" data-align=\"center\">1 850 K\u010d<\/td><\/tr><tr><td>\u0160t\u00edpan\u00e9 rovnan\u00e9<\/td><td class=\"has-text-align-center\" data-align=\"center\">&nbsp;<\/td><td class=\"has-text-align-center\" data-align=\"center\">1 850 K\u010d<\/td><td class=\"has-text-align-center\" data-align=\"center\">&nbsp;<\/td><td class=\"has-text-align-center\" data-align=\"center\"><\/td><td class=\"has-text-align-center\" data-align=\"center\"><\/td><\/tr><tr><td>\u0160t\u00edpan\u00e9 sypan\u00e9<\/td><td class=\"has-text-align-center\" data-align=\"center\"><\/td><td class=\"has-text-align-center\" data-align=\"center\"><\/td><td class=\"has-text-align-center\" data-align=\"center\">1 900 K\u010d<\/td><td class=\"has-text-align-center\" data-align=\"center\">2 000 K\u010d<\/td><td class=\"has-text-align-center\" data-align=\"center\">2 100 K\u010d<\/td><\/tr><\/tbody><\/table><\/figure>\n\n\n\n<p class=\"has-medium-font-size\"><strong>Dub, buk, habr, jasan, javor, apod.<\/strong><\/p>\n\n\n\n<figure class=\"wp-block-table\"><table><tbody><tr><td><strong>Tvrd\u00e9 d\u0159evo<\/strong><\/td><td class=\"has-text-align-center\" data-align=\"center\">1 m<\/td><td class=\"has-text-align-center\" data-align=\"center\">50 cm<\/td><td class=\"has-text-align-center\" data-align=\"center\">30 cm<\/td><td class=\"has-text-align-center\" data-align=\"center\">25 cm<\/td><td class=\"has-text-align-center\" data-align=\"center\">20 cm<\/td><\/tr><tr><td>Kulatiny rovnan\u00e9<\/td><td class=\"has-text-align-center\" data-align=\"center\">1 850 K\u010d<\/td><td class=\"has-text-align-center\" data-align=\"center\">1 900 K\u010d&nbsp;<\/td><td class=\"has-text-align-center\" data-align=\"center\">&nbsp;<\/td><td class=\"has-text-align-center\" data-align=\"center\">&nbsp;<\/td><td class=\"has-text-align-center\" data-align=\"center\"><\/td><\/tr><tr><td>Kulatiny sypan\u00e9<\/td><td class=\"has-text-align-center\" data-align=\"center\"><\/td><td class=\"has-text-align-center\" data-align=\"center\"><\/td><td class=\"has-text-align-center\" data-align=\"center\">1 950 K\u010d<\/td><td class=\"has-text-align-center\" data-align=\"center\">2 000 K\u010d<\/td><td class=\"has-text-align-center\" data-align=\"center\">2 050 K\u010d<\/td><\/tr><tr><td>\u0160t\u00edpan\u00e9 rovnan\u00e9<\/td><td class=\"has-text-align-center\" data-align=\"center\">&nbsp;<\/td><td class=\"has-text-align-center\" data-align=\"center\">2 050 K\u010d<\/td><td class=\"has-text-align-center\" data-align=\"center\">&nbsp;<\/td><td class=\"has-text-align-center\" data-align=\"center\"><\/td><td class=\"has-text-align-center\" data-align=\"center\"><\/td><\/tr><tr><td>\u0160t\u00edpan\u00e9 sypan\u00e9<\/td><td class=\"has-text-align-center\" data-align=\"center\"><\/td><td class=\"has-text-align-center\" data-align=\"center\"><\/td><td class=\"has-text-align-center\" data-align=\"center\">2 100 K\u010d<\/td><td class=\"has-text-align-center\" data-align=\"center\">2 200 K\u010d<\/td><td class=\"has-text-align-center\" data-align=\"center\">2 300 K\u010d<\/td><\/tr><\/tbody><\/table><\/figure>\n\n\n\n<p class=\"has-medium-font-size\"><strong>\u0160t\u011bpkov\u00e1n\u00ed v\u011btv\u00ed s obsluhou ( 1 \u010dlov\u011bk )<\/strong><\/p>\n\n\n\n<figure class=\"wp-block-table\"><table><tbody><tr><td>1 hodina<\/td><td>900 K\u010d<\/td><td>Cena v\u010detn\u011b PHM<\/td><td><\/td><td><\/td><td><\/td><\/tr><tr><td>Dal\u0161\u00ed obsluha<\/td><td>350 K\u010d<\/td><td><\/td><td><\/td><td><\/td><td><\/td><\/tr><\/tbody><\/table><\/figure>\n\n\n\n<p class=\"has-medium-font-size\"><strong>D\u0159evn\u00ed \u0161t\u011bpka ( pouze listnat\u00e9 d\u0159evo )<\/strong><\/p>\n\n\n\n<figure class=\"wp-block-table\"><table><tbody><tr><td><strong>1 m3<\/strong><\/td><td>2 000 K\u010d<\/td><td>V\u010detn\u011b vykl\u00e1dky do 5 km od Ben\u00e1tek nad Jizerou<\/td><td><\/td><td><\/td><td><\/td><\/tr><tr><td><\/td><td><\/td><td><\/td><td><\/td><td><\/td><td><\/td><\/tr><\/tbody><\/table><\/figure>\n\n\n\n<p class=\"has-medium-font-size\"><strong>Stromolezeck\u00e9 pr\u00e1ce<\/strong><\/p>\n\n\n\n<p>Pro cenovou nab\u00eddku volejte na telefon <strong>775 267 090<\/strong> nebo pi\u0161te na <strong>lacina@hajovnabenatky.cz<\/strong><\/p>\n\n\n\n<p class=\"has-medium-font-size\"><strong>Zal\u00e9v\u00e1n\u00ed z\u00e1vlahov\u00fdm vozem<\/strong><\/p>\n\n\n\n<p>Pro cenovou nab\u00eddku volejte na telefon <strong>775 267 090<\/strong> nebo pi\u0161te na <strong>lacina@hajovnabenatky.cz<\/strong><\/p>\n\n\n\n<p><\/p>\n","protected":false},"excerpt":{"rendered":"<p>Cen\u00edk je platn\u00fd od 01.01. 2023 Z cen\u00edkov\u00fdch cen bude ode\u010dtena SLEVA 10%. Sleva je platn\u00e1 do vyprod\u00e1n\u00ed z\u00e1sob.Objedn\u00e1vky je mo\u017en\u00e9 realizovat na tel. 725 906 686 nebo emailem&nbsp;lacina@benatky.cz. Borovice, smrk a mod\u0159\u00edn &#8211; AKCE M\u011bkk\u00e9 d\u0159evo 1 m 50 cm 30 cm 25 cm 20 cm Kulatiny rovnan\u00e9 1 300 K\u010d 1 350 K\u010d&nbsp; [&hellip;]<\/p>\n","protected":false},"author":1,"featured_media":0,"parent":0,"menu_order":0,"comment_status":"closed","ping_status":"closed","template":"page-templates\/full-width.php","meta":{"ngg_post_thumbnail":0,"footnotes":""},"class_list":["post-387","page","type-page","status-publish","hentry"],"_links":{"self":[{"href":"https:\/\/benatkyhajovna.cz\/index.php?rest_route=\/wp\/v2\/pages\/387","targetHints":{"allow":["GET"]}}],"collection":[{"href":"https:\/\/benatkyhajovna.cz\/index.php?rest_route=\/wp\/v2\/pages"}],"about":[{"href":"https:\/\/benatkyhajovna.cz\/index.php?rest_route=\/wp\/v2\/types\/page"}],"author":[{"embeddable":true,"href":"https:\/\/benatkyhajovna.cz\/index.php?rest_route=\/wp\/v2\/users\/1"}],"replies":[{"embeddable":true,"href":"https:\/\/benatkyhajovna.cz\/index.php?rest_route=%2Fwp%2Fv2%2Fcomments&post=387"}],"version-history":[{"count":29,"href":"https:\/\/benatkyhajovna.cz\/index.php?rest_route=\/wp\/v2\/pages\/387\/revisions"}],"predecessor-version":[{"id":502,"href":"https:\/\/benatkyhajovna.cz\/index.php?rest_route=\/wp\/v2\/pages\/387\/revisions\/502"}],"wp:attachment":[{"href":"https:\/\/benatkyhajovna.cz\/index.php?rest_route=%2Fwp%2Fv2%2Fmedia&parent=387"}],"curies":[{"name":"wp","href":"https:\/\/api.w.org\/{rel}","templated":true}]}}