{"id":14,"date":"2011-12-09T18:45:55","date_gmt":"2011-12-09T18:45:55","guid":{"rendered":"http:\/\/benatkyhajovna.cz\/?page_id=14"},"modified":"2025-01-27T21:22:54","modified_gmt":"2025-01-27T21:22:54","slug":"kontakt","status":"publish","type":"page","link":"https:\/\/benatkyhajovna.cz\/?page_id=14","title":{"rendered":"Kontakt"},"content":{"rendered":"<p><strong>SPR\u00c1VA M\u011aSTSK\u00ddCH LES\u016e BEN\u00c1TKY NAD JIZEROU<\/strong><br \/>\np\u0159\u00edsp\u011bvkov\u00e1 organizace m\u011bsta<br \/>\nZ\u00e1pis: OR u M\u011bstsk\u00e9ho soudu v Praze, odd\u00edl Pr, vlo\u017eka \u010d.l 073<\/p>\n<p><strong>S\u00eddlo:<\/strong><br \/>\nH\u00e1jovna Okrouhl\u00edk 52<br \/>\n294 71 Ben\u00e1tky nad Jizerou<\/p>\n<p><strong>I\u010c:<\/strong>&nbsp;75126036<br \/>\n<strong>DI\u010c:<\/strong>&nbsp;CZ75126036<\/p>\n<h1>ZASTOUPEN\u00cd:<\/h1>\n<p>\u0159editel organizace<strong><br \/>\nRadek Lacina<\/strong><br \/>\n<strong>Mobil:<\/strong>&nbsp;+420 775 267 090<br \/>\n<strong>Email:<\/strong> lacina@benatky.cz<\/p>\n<p>z\u00e1stupkyn\u011b \u0159editele<br \/>\n<strong>Ing. Kristina Bendlov\u00e1<\/strong><br \/>\nMobil: +420 603 216 280<br \/>\nEmail: bendlova@benatky.cz<\/p>\n<p>lesn\u00ed technik &#8211; palivov\u00e9 d\u0159evo<br \/>\n<strong>Jan Bo\u010dek<\/strong><br \/>\nMobil: +420 725 906 686<\/p>\n<p><strong>Bankovn\u00ed spojen\u00ed:<\/strong><br \/>\n\u010cesk\u00e1 spo\u0159itelna, Pobo\u010dka Ben\u00e1tky nad Jizerou, \u010d.\u00fa.: 0490505369 \/ 0800<\/p>\n<p><strong>Provozn\u00ed doba:<\/strong><br \/>\n07:00 &#8211; 15:00 hodin \/ Pond\u011bl\u00ed &#8211; P\u00e1tek<\/p>\n<p><strong>Kancel\u00e1\u0159:<br \/>\n<\/strong>adresa: Z\u00e1mek 50, Ben\u00e1tky nad Jizerou<br \/>\n07:00 &#8211; 08:00 hodin \/ Pond\u011bl\u00ed &#8211; P\u00e1tek&nbsp;<br \/>\n13:00 &#8211; 14:00 hodin \/ Pond\u011bl\u00ed &#8211; P\u00e1tek<\/p>\n","protected":false},"excerpt":{"rendered":"<p>SPR\u00c1VA M\u011aSTSK\u00ddCH LES\u016e BEN\u00c1TKY NAD JIZEROU p\u0159\u00edsp\u011bvkov\u00e1 organizace m\u011bsta Z\u00e1pis: OR u M\u011bstsk\u00e9ho soudu v Praze, odd\u00edl Pr, vlo\u017eka \u010d.l 073 S\u00eddlo: H\u00e1jovna Okrouhl\u00edk 52 294 71 Ben\u00e1tky nad Jizerou I\u010c:&nbsp;75126036 DI\u010c:&nbsp;CZ75126036 ZASTOUPEN\u00cd: \u0159editel organizace Radek Lacina Mobil:&nbsp;+420 775 267 090 Email: lacina@benatky.cz z\u00e1stupkyn\u011b \u0159editele Ing. Kristina Bendlov\u00e1 Mobil: +420 603 216 280 Email: bendlova@benatky.cz [&hellip;]<\/p>\n","protected":false},"author":1,"featured_media":0,"parent":0,"menu_order":6,"comment_status":"closed","ping_status":"closed","template":"sidebar-page.php","meta":{"ngg_post_thumbnail":0,"footnotes":""},"class_list":["post-14","page","type-page","status-publish","hentry"],"_links":{"self":[{"href":"https:\/\/benatkyhajovna.cz\/index.php?rest_route=\/wp\/v2\/pages\/14","targetHints":{"allow":["GET"]}}],"collection":[{"href":"https:\/\/benatkyhajovna.cz\/index.php?rest_route=\/wp\/v2\/pages"}],"about":[{"href":"https:\/\/benatkyhajovna.cz\/index.php?rest_route=\/wp\/v2\/types\/page"}],"author":[{"embeddable":true,"href":"https:\/\/benatkyhajovna.cz\/index.php?rest_route=\/wp\/v2\/users\/1"}],"replies":[{"embeddable":true,"href":"https:\/\/benatkyhajovna.cz\/index.php?rest_route=%2Fwp%2Fv2%2Fcomments&post=14"}],"version-history":[{"count":15,"href":"https:\/\/benatkyhajovna.cz\/index.php?rest_route=\/wp\/v2\/pages\/14\/revisions"}],"predecessor-version":[{"id":489,"href":"https:\/\/benatkyhajovna.cz\/index.php?rest_route=\/wp\/v2\/pages\/14\/revisions\/489"}],"wp:attachment":[{"href":"https:\/\/benatkyhajovna.cz\/index.php?rest_route=%2Fwp%2Fv2%2Fmedia&parent=14"}],"curies":[{"name":"wp","href":"https:\/\/api.w.org\/{rel}","templated":true}]}}